{"id":101,"date":"2020-03-03T17:26:00","date_gmt":"2020-03-03T17:26:00","guid":{"rendered":"http:\/\/psicologia.maz.uasnet.mx\/?page_id=101"},"modified":"2024-08-15T12:29:47","modified_gmt":"2024-08-15T19:29:47","slug":"centro-de-computo","status":"publish","type":"page","link":"https:\/\/psicologia.maz.uas.edu.mx\/index.php\/centro-de-computo\/","title":{"rendered":"Centro de C\u00f3mputo"},"content":{"rendered":"\r\n<p>La Unidad Acad\u00e9mica de Psicolog\u00eda Mazatl\u00e1n cuenta con un laboratorio de centro de computo equipado con 30 equipos respectivamente, \u00e1rea de recepci\u00f3n y responsable del Centro de Computo. El acceso es exclusivo para alumnos y profesores de esta Unidad Acad\u00e9mica. El Centro de c\u00f3mputo se encuentra en la planta baja del edificio.<\/p>\r\nngg_shortcode_0_placeholder\r\n","protected":false},"excerpt":{"rendered":"","protected":false},"author":1,"featured_media":0,"parent":0,"menu_order":0,"comment_status":"closed","ping_status":"closed","template":"","meta":{"ngg_post_thumbnail":0,"footnotes":""},"class_list":["post-101","page","type-page","status-publish","hentry"],"rttpg_featured_image_url":null,"rttpg_author":{"display_name":"Hugo Malcampo Bernal","author_link":"https:\/\/psicologia.maz.uas.edu.mx\/index.php\/author\/admin\/"},"rttpg_comment":0,"rttpg_category":null,"rttpg_excerpt":null,"_links":{"self":[{"href":"https:\/\/psicologia.maz.uas.edu.mx\/index.php\/wp-json\/wp\/v2\/pages\/101","targetHints":{"allow":["GET"]}}],"collection":[{"href":"https:\/\/psicologia.maz.uas.edu.mx\/index.php\/wp-json\/wp\/v2\/pages"}],"about":[{"href":"https:\/\/psicologia.maz.uas.edu.mx\/index.php\/wp-json\/wp\/v2\/types\/page"}],"author":[{"embeddable":true,"href":"https:\/\/psicologia.maz.uas.edu.mx\/index.php\/wp-json\/wp\/v2\/users\/1"}],"replies":[{"embeddable":true,"href":"https:\/\/psicologia.maz.uas.edu.mx\/index.php\/wp-json\/wp\/v2\/comments?post=101"}],"version-history":[{"count":2,"href":"https:\/\/psicologia.maz.uas.edu.mx\/index.php\/wp-json\/wp\/v2\/pages\/101\/revisions"}],"predecessor-version":[{"id":1817,"href":"https:\/\/psicologia.maz.uas.edu.mx\/index.php\/wp-json\/wp\/v2\/pages\/101\/revisions\/1817"}],"wp:attachment":[{"href":"https:\/\/psicologia.maz.uas.edu.mx\/index.php\/wp-json\/wp\/v2\/media?parent=101"}],"curies":[{"name":"wp","href":"https:\/\/api.w.org\/{rel}","templated":true}]}}