{"id":1346,"date":"2021-12-16T09:43:24","date_gmt":"2021-12-16T16:43:24","guid":{"rendered":"http:\/\/psicologia.maz.uasnet.mx\/?page_id=1346"},"modified":"2022-01-06T09:51:21","modified_gmt":"2022-01-06T16:51:21","slug":"maestria-en-terapia-familiar","status":"publish","type":"page","link":"https:\/\/psicologia.maz.uas.edu.mx\/index.php\/maestria-en-terapia-familiar\/","title":{"rendered":"Maestr\u00eda en Terapia Familiar"},"content":{"rendered":"<p><img loading=\"lazy\" decoding=\"async\" class=\"alignleft size-full wp-image-1347\" src=\"http:\/\/psicologia.maz.uasnet.mx\/wp-content\/uploads\/2021\/12\/banner.jpg\" alt=\"\" width=\"1366\" height=\"400\" srcset=\"https:\/\/psicologia.maz.uas.edu.mx\/wp-content\/uploads\/2021\/12\/banner.jpg 1366w, https:\/\/psicologia.maz.uas.edu.mx\/wp-content\/uploads\/2021\/12\/banner-300x88.jpg 300w, https:\/\/psicologia.maz.uas.edu.mx\/wp-content\/uploads\/2021\/12\/banner-1024x300.jpg 1024w, https:\/\/psicologia.maz.uas.edu.mx\/wp-content\/uploads\/2021\/12\/banner-768x225.jpg 768w\" sizes=\"auto, (max-width: 1366px) 100vw, 1366px\" \/><\/p>\n<p>&nbsp;<\/p>\n<p>La <b>Terapia Familiar,<\/b> es una alternativa para abordar diversas necesidades humanas, ha mostrado ser eficaz para el tratamiento de diversas problem\u00e1ticas sociales, atendidas desde la familia, como la violencia, conducta suicida en miembros de la familia, el consumo de sustancias adictivas en distintos miembros del sistema familiar, la influencia de la din\u00e1mica familiar en el pronostico de enfermedades cr\u00f3nicas, tratamiento de problemas emocionales y conductuales en ni\u00f1os y adolescentes, trastornos de la conducta alimentaria en algunos miembros de la familia, atenci\u00f3n a problemas escolares en ni\u00f1os y adolescentes, contribuyendo al mejoramiento de las interacciones familiares.<\/p>\n<p>&nbsp;<\/p>\n<p><strong>OBJETIVOS Y METAS DEL PLAN DE ESTUDIO<\/strong><\/p>\n<hr \/>\n<p>Formar terapeutas familiares sist\u00e9micos y posmodernos de alta calidad cient\u00edfica y \u00e9tica, habilitados en la evaluaci\u00f3n, diagn\u00f3stico, investigaci\u00f3n e intervenci\u00f3n de diversas problem\u00e1ticas psicosociales que sufren los individuos, las parejas y\/o las familias.<\/p>\n<p>&nbsp;<\/p>\n<p><strong>L\u00cdNEAS DE INVESTIGACI\u00d3N<\/strong><\/p>\n<hr \/>\n<ul>\n<li>Familia Y Salud<\/li>\n<li>Familia y educaci\u00f3n<\/li>\n<\/ul>\n<p>&nbsp;<\/p>\n<p><strong>PERFIL DE INGRESO<\/strong><\/p>\n<hr \/>\n<p>El alumno para poder ingresar a la MTF deber\u00e1 demostrar lo siguiente:<\/p>\n<ul>\n<li>Conocimientos b\u00e1sicos de los aspectos te\u00f3ricos fundamentales de la Terapia Familiar.<\/li>\n<li>Conocimientos b\u00e1sicos sobre metodolog\u00eda de la investigaci\u00f3n tanto desde enfoque cuantitativo como cualitativo.<\/li>\n<li>Conocimientos b\u00e1sicos sobre estad\u00edstica.<\/li>\n<li>Habilidades para la comprensi\u00f3n de textos cient\u00edficos especializados en Terapia Familiar tanto en espa\u00f1ol como en ingl\u00e9s (ingl\u00e9s equivalente a 400 puntos de Toefl).<\/li>\n<li>Habilidades para el an\u00e1lisis cr\u00edtico de problemas sociales que impactan a las familias mexicanas.<\/li>\n<li>Habilidades sociales y de trabajo colaborativo.<\/li>\n<li>Motivaci\u00f3n para formarse como Terapeuta Familiar Sist\u00e9mico.<\/li>\n<li>Motivaci\u00f3n para formarse como investigador en el \u00e1rea de familia.<\/li>\n<\/ul>\n<p>&nbsp;<\/p>\n<p>&nbsp;<\/p>\n<p><strong>PERFIL DE EGRESO<\/strong><\/p>\n<hr \/>\n<p>El egresado de la MTF deber\u00e1 demostrar lo siguiente:<\/p>\n<ul>\n<li>Conocimientos de los aspectos te\u00f3ricos y epistemol\u00f3gicos de la Terapia Familiar.<\/li>\n<li>Conocimiento y habilidades para realizar evaluaci\u00f3n y diagn\u00f3stico de distintas problem\u00e1ticas psicosociales en individuos, parejas y\/o familias desde los diversos modelos de psicoterapia sist\u00e9mica y posmoderna.<\/li>\n<li>Capacidad para brindar atenci\u00f3n psicol\u00f3gica desde los diversos modelos de psicoterapia sist\u00e9mica y posmoderna a individuos, parejas y\/o familias.<\/li>\n<li>Capacidad para ejercer como terapeuta sist\u00e9mico apegado a las normas jur\u00eddicas y principios \u00e9ticos que la rigen.<\/li>\n<li>Habilidades para elaborar investigaci\u00f3n cient\u00edfica de frontera y de alta calidad en el \u00e1rea de familia.<\/li>\n<\/ul>\n<p>&nbsp;<\/p>\n<p><strong>FECHAS DE INTER\u00c9S\u00a0<\/strong><\/p>\n<hr \/>\n<ul class=\"has-medium-font-size\">\n<li><b>Del 5 al 31 de enero del 2022.\u00a0<\/b>Recepci\u00f3n de documentos y cobro de preinscripci\u00f3n en control escolar de la Unidad Acad\u00e9mica. Fotocopias de titulo, certificado de estudios, CURP, acta de nacimiento, carta de exposici\u00f3n de motivos y constancia de acreditaci\u00f3n de <strong>400 puntos\u00a0<\/strong>en el examen TOEFL<\/li>\n<li>Presentaci\u00f3n de examen espec\u00edfico <strong>04 de febrero del 2022.<\/strong><\/li>\n<li>Entrega de anteproyecto de investigaci\u00f3n <strong>11 de febrero del 2022<\/strong> impreso en la direcci\u00f3n de la Escuela de Psicolog\u00eda y turnarlo en PDF al correo maestriatfs@uas.edu.mx.<\/li>\n<li><b>14 de febrero del 2022. <\/b>Enviar al correo su familiograma (seguir la gu\u00eda enviada) y su autobiograf\u00eda (desde su gestaci\u00f3n hasta el momento actual) al correo maestriatfs@uas.edu.mx.<\/li>\n<li><b>25 y 26 de febrero del 2022. <\/b>Entrevista del aspirante con miembros de la Comisi\u00f3n de Admisi\u00f3n.<\/li>\n<li>Entrega de resultados de todo el proceso <strong>28 de febrero del 2022.<\/strong><\/li>\n<li><b>Del 1 al 3 de marzo del 2022.<\/b> Inscripci\u00f3n.<\/li>\n<li><b>4 de marzo del 2022<\/b>. Inicio del semestre. Aula 1 Torre Acad\u00e9mica, Unidad Regional Sur, viernes 2:00 a 7:00 pm y s\u00e1bado de 8:00 am\u00a0 \u00a0a\u00a0 7:00 pm.<\/li>\n<\/ul>\n<p>&nbsp;<\/p>\n<p><strong>PREGUNTAS Y RESPUESTAS<\/strong><\/p>\n<hr \/>\n<p><b>\u00bfD\u00f3nde se entrega la documentaci\u00f3n?<\/b><\/p>\n<p>Los documentos por el momento se recibir\u00e1n v\u00eda correo electr\u00f3nico a la direcci\u00f3n <strong>maestriatfs@uas.edu.mx<\/strong><\/p>\n<p><strong>\u00bfEn caso de no contar con alg\u00fan documento derivado de la imposibilidad de tramitar por la motivo de la contingencia, qu\u00e9 puedo hacer?<\/strong><\/p>\n<p>Env\u00eda en formato electr\u00f3nico los documentos que pudiste recabar y el comit\u00e9 acad\u00e9mico dar\u00e1 respuesta a los casos especiales que se presenten.<\/p>\n<p><strong>\u00bfD\u00f3nde puedo comunicarme en caso de alguna duda?<\/strong><\/p>\n<p>Puedes enviar un correo electr\u00f3nico a <strong>maestriatfs@uas.edu.mx<\/strong><\/p>\n<p>Tambi\u00e9n puedes comunicarte al <strong>Cel. 6691743796<\/strong><\/p>\n<p>&nbsp;<\/p>\n<hr \/>\n<p style=\"text-align: center;\"><img loading=\"lazy\" decoding=\"async\" class=\"wp-image-1363 aligncenter\" src=\"http:\/\/psicologia.maz.uasnet.mx\/wp-content\/uploads\/2021\/12\/programa-de-estudio-maestria-1-scaled.jpg\" alt=\"\" width=\"953\" height=\"737\" srcset=\"https:\/\/psicologia.maz.uas.edu.mx\/wp-content\/uploads\/2021\/12\/programa-de-estudio-maestria-1-scaled.jpg 2560w, https:\/\/psicologia.maz.uas.edu.mx\/wp-content\/uploads\/2021\/12\/programa-de-estudio-maestria-1-300x232.jpg 300w, https:\/\/psicologia.maz.uas.edu.mx\/wp-content\/uploads\/2021\/12\/programa-de-estudio-maestria-1-1024x791.jpg 1024w, https:\/\/psicologia.maz.uas.edu.mx\/wp-content\/uploads\/2021\/12\/programa-de-estudio-maestria-1-768x593.jpg 768w, https:\/\/psicologia.maz.uas.edu.mx\/wp-content\/uploads\/2021\/12\/programa-de-estudio-maestria-1-1536x1187.jpg 1536w, https:\/\/psicologia.maz.uas.edu.mx\/wp-content\/uploads\/2021\/12\/programa-de-estudio-maestria-1-2048x1583.jpg 2048w\" sizes=\"auto, (max-width: 953px) 100vw, 953px\" \/><\/p>\n<p><img loading=\"lazy\" decoding=\"async\" class=\"wp-image-1398 aligncenter\" src=\"http:\/\/psicologia.maz.uasnet.mx\/wp-content\/uploads\/2022\/01\/MAESTRIA-scaled.jpg\" alt=\"\" width=\"769\" height=\"1188\" \/><\/p>\n","protected":false},"excerpt":{"rendered":"<p>&nbsp; La Terapia Familiar, es una alternativa para abordar diversas necesidades humanas, ha mostrado ser eficaz para el tratamiento de diversas problem\u00e1ticas sociales, atendidas desde la familia, como la violencia, conducta suicida en miembros de la familia, el consumo de sustancias adictivas en distintos miembros del sistema familiar, la influencia de la din\u00e1mica familiar en [&hellip;]<\/p>\n","protected":false},"author":1,"featured_media":0,"parent":0,"menu_order":0,"comment_status":"closed","ping_status":"closed","template":"","meta":{"ngg_post_thumbnail":0,"footnotes":""},"class_list":["post-1346","page","type-page","status-publish","hentry"],"rttpg_featured_image_url":null,"rttpg_author":{"display_name":"Hugo Malcampo Bernal","author_link":"https:\/\/psicologia.maz.uas.edu.mx\/index.php\/author\/admin\/"},"rttpg_comment":0,"rttpg_category":null,"rttpg_excerpt":"&nbsp; La Terapia Familiar, es una alternativa para abordar diversas necesidades humanas, ha mostrado ser eficaz para el tratamiento de diversas problem\u00e1ticas sociales, atendidas desde la familia, como la violencia, conducta suicida en miembros de la familia, el consumo de sustancias adictivas en distintos miembros del sistema familiar, la influencia de la din\u00e1mica familiar en&hellip;","_links":{"self":[{"href":"https:\/\/psicologia.maz.uas.edu.mx\/index.php\/wp-json\/wp\/v2\/pages\/1346","targetHints":{"allow":["GET"]}}],"collection":[{"href":"https:\/\/psicologia.maz.uas.edu.mx\/index.php\/wp-json\/wp\/v2\/pages"}],"about":[{"href":"https:\/\/psicologia.maz.uas.edu.mx\/index.php\/wp-json\/wp\/v2\/types\/page"}],"author":[{"embeddable":true,"href":"https:\/\/psicologia.maz.uas.edu.mx\/index.php\/wp-json\/wp\/v2\/users\/1"}],"replies":[{"embeddable":true,"href":"https:\/\/psicologia.maz.uas.edu.mx\/index.php\/wp-json\/wp\/v2\/comments?post=1346"}],"version-history":[{"count":29,"href":"https:\/\/psicologia.maz.uas.edu.mx\/index.php\/wp-json\/wp\/v2\/pages\/1346\/revisions"}],"predecessor-version":[{"id":1403,"href":"https:\/\/psicologia.maz.uas.edu.mx\/index.php\/wp-json\/wp\/v2\/pages\/1346\/revisions\/1403"}],"wp:attachment":[{"href":"https:\/\/psicologia.maz.uas.edu.mx\/index.php\/wp-json\/wp\/v2\/media?parent=1346"}],"curies":[{"name":"wp","href":"https:\/\/api.w.org\/{rel}","templated":true}]}}