{"id":1893,"date":"2024-08-22T10:35:35","date_gmt":"2024-08-22T17:35:35","guid":{"rendered":"https:\/\/psicologia.maz.uas.edu.mx\/?page_id=1893"},"modified":"2024-08-22T11:04:59","modified_gmt":"2024-08-22T18:04:59","slug":"formatos-institucionales","status":"publish","type":"page","link":"https:\/\/psicologia.maz.uas.edu.mx\/index.php\/formatos-institucionales\/","title":{"rendered":"Formatos Institucionales"},"content":{"rendered":"<h1><strong>FORMATOS INSTITUCIONALES<\/strong><\/h1>\n<hr>\n<h3>&nbsp;<\/h3>\n<h3><img loading=\"lazy\" decoding=\"async\" class=\"alignnone wp-image-1906\" src=\"https:\/\/psicologia.maz.uas.edu.mx\/wp-content\/uploads\/2024\/08\/word.png\" alt=\"\" width=\"47\" height=\"59\" srcset=\"https:\/\/psicologia.maz.uas.edu.mx\/wp-content\/uploads\/2024\/08\/word.png 1295w, https:\/\/psicologia.maz.uas.edu.mx\/wp-content\/uploads\/2024\/08\/word-239x300.png 239w, https:\/\/psicologia.maz.uas.edu.mx\/wp-content\/uploads\/2024\/08\/word-817x1024.png 817w, https:\/\/psicologia.maz.uas.edu.mx\/wp-content\/uploads\/2024\/08\/word-768x963.png 768w, https:\/\/psicologia.maz.uas.edu.mx\/wp-content\/uploads\/2024\/08\/word-1225x1536.png 1225w\" sizes=\"auto, (max-width: 47px) 100vw, 47px\" \/><a href=\"https:\/\/psicologia.maz.uas.edu.mx\/wp-content\/uploads\/2024\/08\/Formato_1_de_Planeacion_Didactica_Unidades_o_Modulos-1-2.docx\"><strong>&nbsp; Formato de Planeaci\u00f3n Did\u00e1ctica Unidades o M\u00f3dulos.<\/strong><\/a><\/h3>\n<h3>&nbsp;<\/h3>\n<h3><img loading=\"lazy\" decoding=\"async\" class=\"alignnone wp-image-1906\" src=\"https:\/\/psicologia.maz.uas.edu.mx\/wp-content\/uploads\/2024\/08\/word.png\" alt=\"\" width=\"47\" height=\"59\" srcset=\"https:\/\/psicologia.maz.uas.edu.mx\/wp-content\/uploads\/2024\/08\/word.png 1295w, https:\/\/psicologia.maz.uas.edu.mx\/wp-content\/uploads\/2024\/08\/word-239x300.png 239w, https:\/\/psicologia.maz.uas.edu.mx\/wp-content\/uploads\/2024\/08\/word-817x1024.png 817w, https:\/\/psicologia.maz.uas.edu.mx\/wp-content\/uploads\/2024\/08\/word-768x963.png 768w, https:\/\/psicologia.maz.uas.edu.mx\/wp-content\/uploads\/2024\/08\/word-1225x1536.png 1225w\" sizes=\"auto, (max-width: 47px) 100vw, 47px\" \/> &nbsp;<strong><a href=\"https:\/\/psicologia.maz.uas.edu.mx\/wp-content\/uploads\/2024\/08\/Instructivo_de_Planeacion_Docente_Semestral.docx\">Instructivo de Planeaci\u00f3n Docente Semestral.<\/a><br \/>\n<\/strong><\/h3>\n<h3>&nbsp;<\/h3>\n<h3><img loading=\"lazy\" decoding=\"async\" class=\"alignnone wp-image-1906\" src=\"https:\/\/psicologia.maz.uas.edu.mx\/wp-content\/uploads\/2024\/08\/word.png\" alt=\"\" width=\"47\" height=\"59\" srcset=\"https:\/\/psicologia.maz.uas.edu.mx\/wp-content\/uploads\/2024\/08\/word.png 1295w, https:\/\/psicologia.maz.uas.edu.mx\/wp-content\/uploads\/2024\/08\/word-239x300.png 239w, https:\/\/psicologia.maz.uas.edu.mx\/wp-content\/uploads\/2024\/08\/word-817x1024.png 817w, https:\/\/psicologia.maz.uas.edu.mx\/wp-content\/uploads\/2024\/08\/word-768x963.png 768w, https:\/\/psicologia.maz.uas.edu.mx\/wp-content\/uploads\/2024\/08\/word-1225x1536.png 1225w\" sizes=\"auto, (max-width: 47px) 100vw, 47px\" \/> &nbsp;<strong><a href=\"https:\/\/psicologia.maz.uas.edu.mx\/wp-content\/uploads\/2024\/08\/Formato_de_Programa_de_Estudio_2022-2.docx\">Formato de Programa de Estudio 2022.<\/a><br \/>\n<\/strong><\/h3>\n<p>&nbsp;<\/p>\n<h3><img loading=\"lazy\" decoding=\"async\" class=\"alignnone wp-image-1906\" src=\"https:\/\/psicologia.maz.uas.edu.mx\/wp-content\/uploads\/2024\/08\/word.png\" alt=\"\" width=\"47\" height=\"59\" srcset=\"https:\/\/psicologia.maz.uas.edu.mx\/wp-content\/uploads\/2024\/08\/word.png 1295w, https:\/\/psicologia.maz.uas.edu.mx\/wp-content\/uploads\/2024\/08\/word-239x300.png 239w, https:\/\/psicologia.maz.uas.edu.mx\/wp-content\/uploads\/2024\/08\/word-817x1024.png 817w, https:\/\/psicologia.maz.uas.edu.mx\/wp-content\/uploads\/2024\/08\/word-768x963.png 768w, https:\/\/psicologia.maz.uas.edu.mx\/wp-content\/uploads\/2024\/08\/word-1225x1536.png 1225w\" sizes=\"auto, (max-width: 47px) 100vw, 47px\" \/>&nbsp; <a href=\"https:\/\/psicologia.maz.uas.edu.mx\/wp-content\/uploads\/2024\/08\/Instructivo_de_Formato_de_Programa_de_Estudio_2022-2.docx\"><strong>Instructivo de Formato de Programa de Estudio 2022.<\/strong><\/a><\/h3>\n<p>&nbsp;<\/p>\n<h1><strong>LOGOS INSTITUCIONALES<\/strong><\/h1>\n<hr>\n<p>&nbsp;<\/p>\n<p><img loading=\"lazy\" decoding=\"async\" class=\"alignnone wp-image-1909\" src=\"https:\/\/psicologia.maz.uas.edu.mx\/wp-content\/uploads\/2024\/08\/image_icon_153794.webp\" alt=\"\" width=\"40\" height=\"40\" srcset=\"https:\/\/psicologia.maz.uas.edu.mx\/wp-content\/uploads\/2024\/08\/image_icon_153794.webp 512w, https:\/\/psicologia.maz.uas.edu.mx\/wp-content\/uploads\/2024\/08\/image_icon_153794-300x297.webp 300w, https:\/\/psicologia.maz.uas.edu.mx\/wp-content\/uploads\/2024\/08\/image_icon_153794-150x150.webp 150w\" sizes=\"auto, (max-width: 40px) 100vw, 40px\" \/> <a href=\"https:\/\/psicologia.maz.uas.edu.mx\/wp-content\/uploads\/2021\/08\/UAS_Gd.png\" target=\"_blank\" rel=\"noopener\">UNIVERSIDAD AUT\u00d3NOMA DE SINALOA<\/a><\/p>\n<p>&nbsp;<\/p>\n<p><img loading=\"lazy\" decoding=\"async\" class=\"alignnone wp-image-1909\" src=\"https:\/\/psicologia.maz.uas.edu.mx\/wp-content\/uploads\/2024\/08\/image_icon_153794.webp\" alt=\"\" width=\"40\" height=\"40\" srcset=\"https:\/\/psicologia.maz.uas.edu.mx\/wp-content\/uploads\/2024\/08\/image_icon_153794.webp 512w, https:\/\/psicologia.maz.uas.edu.mx\/wp-content\/uploads\/2024\/08\/image_icon_153794-300x297.webp 300w, https:\/\/psicologia.maz.uas.edu.mx\/wp-content\/uploads\/2024\/08\/image_icon_153794-150x150.webp 150w\" sizes=\"auto, (max-width: 40px) 100vw, 40px\" \/> <a href=\"https:\/\/psicologia.maz.uas.edu.mx\/wp-content\/uploads\/2020\/03\/Favicon-psicologia-mzt.png\" target=\"_blank\" rel=\"noopener\">FACULTAD DE PSICOLOG\u00cdA MAZATL\u00c1N<\/a><\/p>\n<p>&nbsp;<\/p>\n<p><img loading=\"lazy\" decoding=\"async\" class=\"alignnone wp-image-1909\" src=\"https:\/\/psicologia.maz.uas.edu.mx\/wp-content\/uploads\/2024\/08\/image_icon_153794.webp\" alt=\"\" width=\"40\" height=\"40\" srcset=\"https:\/\/psicologia.maz.uas.edu.mx\/wp-content\/uploads\/2024\/08\/image_icon_153794.webp 512w, https:\/\/psicologia.maz.uas.edu.mx\/wp-content\/uploads\/2024\/08\/image_icon_153794-300x297.webp 300w, https:\/\/psicologia.maz.uas.edu.mx\/wp-content\/uploads\/2024\/08\/image_icon_153794-150x150.webp 150w\" sizes=\"auto, (max-width: 40px) 100vw, 40px\" \/> <a href=\"https:\/\/psicologia.maz.uas.edu.mx\/wp-content\/uploads\/2021\/08\/logo-uas.png\" target=\"_blank\" rel=\"noopener\">CONSOLIDACI\u00d3N 2025<\/a><\/p>\n<p>&nbsp;<\/p>\n","protected":false},"excerpt":{"rendered":"<p>FORMATOS INSTITUCIONALES &nbsp; &nbsp; Formato de Planeaci\u00f3n Did\u00e1ctica Unidades o M\u00f3dulos. &nbsp; &nbsp;Instructivo de Planeaci\u00f3n Docente Semestral. &nbsp; &nbsp;Formato de Programa de Estudio 2022. &nbsp; &nbsp; Instructivo de Formato de Programa de Estudio 2022. &nbsp; LOGOS INSTITUCIONALES &nbsp; UNIVERSIDAD AUT\u00d3NOMA DE SINALOA &nbsp; FACULTAD DE PSICOLOG\u00cdA MAZATL\u00c1N &nbsp; CONSOLIDACI\u00d3N 2025 &nbsp;<\/p>\n","protected":false},"author":1,"featured_media":0,"parent":0,"menu_order":0,"comment_status":"closed","ping_status":"closed","template":"","meta":{"ngg_post_thumbnail":0,"footnotes":""},"class_list":["post-1893","page","type-page","status-publish","hentry"],"rttpg_featured_image_url":null,"rttpg_author":{"display_name":"Hugo Malcampo Bernal","author_link":"https:\/\/psicologia.maz.uas.edu.mx\/index.php\/author\/admin\/"},"rttpg_comment":0,"rttpg_category":null,"rttpg_excerpt":"FORMATOS INSTITUCIONALES &nbsp; &nbsp; Formato de Planeaci\u00f3n Did\u00e1ctica Unidades o M\u00f3dulos. &nbsp; &nbsp;Instructivo de Planeaci\u00f3n Docente Semestral. &nbsp; &nbsp;Formato de Programa de Estudio 2022. &nbsp; &nbsp; Instructivo de Formato de Programa de Estudio 2022. &nbsp; LOGOS INSTITUCIONALES &nbsp; UNIVERSIDAD AUT\u00d3NOMA DE SINALOA &nbsp; FACULTAD DE PSICOLOG\u00cdA MAZATL\u00c1N &nbsp; CONSOLIDACI\u00d3N 2025 &nbsp;","_links":{"self":[{"href":"https:\/\/psicologia.maz.uas.edu.mx\/index.php\/wp-json\/wp\/v2\/pages\/1893","targetHints":{"allow":["GET"]}}],"collection":[{"href":"https:\/\/psicologia.maz.uas.edu.mx\/index.php\/wp-json\/wp\/v2\/pages"}],"about":[{"href":"https:\/\/psicologia.maz.uas.edu.mx\/index.php\/wp-json\/wp\/v2\/types\/page"}],"author":[{"embeddable":true,"href":"https:\/\/psicologia.maz.uas.edu.mx\/index.php\/wp-json\/wp\/v2\/users\/1"}],"replies":[{"embeddable":true,"href":"https:\/\/psicologia.maz.uas.edu.mx\/index.php\/wp-json\/wp\/v2\/comments?post=1893"}],"version-history":[{"count":8,"href":"https:\/\/psicologia.maz.uas.edu.mx\/index.php\/wp-json\/wp\/v2\/pages\/1893\/revisions"}],"predecessor-version":[{"id":1912,"href":"https:\/\/psicologia.maz.uas.edu.mx\/index.php\/wp-json\/wp\/v2\/pages\/1893\/revisions\/1912"}],"wp:attachment":[{"href":"https:\/\/psicologia.maz.uas.edu.mx\/index.php\/wp-json\/wp\/v2\/media?parent=1893"}],"curies":[{"name":"wp","href":"https:\/\/api.w.org\/{rel}","templated":true}]}}