{"id":46,"date":"2020-02-27T18:58:44","date_gmt":"2020-02-27T18:58:44","guid":{"rendered":"http:\/\/psicologia.maz.uasnet.mx\/?page_id=46"},"modified":"2020-08-15T15:33:03","modified_gmt":"2020-08-15T15:33:03","slug":"control-escolar","status":"publish","type":"page","link":"https:\/\/psicologia.maz.uas.edu.mx\/index.php\/control-escolar\/","title":{"rendered":"Control Escolar"},"content":{"rendered":"<hr>\r\n<p style=\"text-align: justify;\"><strong>Departamento de Control Escolar<\/strong><\/p>\r\n\r\n\r\n\r\n<p style=\"text-align: justify;\">La Coordinaci\u00f3n de Control Escolar de la Unidad Acad\u00e9mica de Psicolog\u00eda Mazatl\u00e1n, es la encargada de contribuir en el logro de los procesos administrativos escolares que realizan los alumnos, de conformidad con el calendario oficial, normatividad, acuerdos del Consejo Universitario<\/p>\r\n\r\n\r\n\r\n<p style=\"text-align: justify;\">El objetivo fundamental es implementar las estrategias necesarias y aplicar las normas y reglamentos en lo referente al proceso de selecci\u00f3n, admisi\u00f3n y control de alumnos y sus calificaciones; desarrollando, implementado y ejecutando dicho proceso de acuerdo a la pol\u00edtica de descentralizaci\u00f3n, modernizaci\u00f3n, agilidad y flexibilidad requerida por el Sistema Automatizado de Control Escolar con el fin de que los servicios se otorguen en forma satisfactoria, con procesos que vinculan calidad de mejora continua.<\/p>\r\n","protected":false},"excerpt":{"rendered":"<p>Departamento de Control Escolar La Coordinaci\u00f3n de Control Escolar de la Unidad Acad\u00e9mica de Psicolog\u00eda Mazatl\u00e1n, es la encargada de contribuir en el logro de los procesos administrativos escolares que realizan los alumnos, de conformidad con el calendario oficial, normatividad, acuerdos del Consejo Universitario El objetivo fundamental es implementar las estrategias necesarias y aplicar las [&hellip;]<\/p>\n","protected":false},"author":1,"featured_media":0,"parent":0,"menu_order":0,"comment_status":"closed","ping_status":"closed","template":"","meta":{"ngg_post_thumbnail":0,"footnotes":""},"class_list":["post-46","page","type-page","status-publish","hentry"],"rttpg_featured_image_url":null,"rttpg_author":{"display_name":"Hugo Malcampo Bernal","author_link":"https:\/\/psicologia.maz.uas.edu.mx\/index.php\/author\/admin\/"},"rttpg_comment":0,"rttpg_category":null,"rttpg_excerpt":"Departamento de Control Escolar La Coordinaci\u00f3n de Control Escolar de la Unidad Acad\u00e9mica de Psicolog\u00eda Mazatl\u00e1n, es la encargada de contribuir en el logro de los procesos administrativos escolares que realizan los alumnos, de conformidad con el calendario oficial, normatividad, acuerdos del Consejo Universitario El objetivo fundamental es implementar las estrategias necesarias y aplicar las&hellip;","_links":{"self":[{"href":"https:\/\/psicologia.maz.uas.edu.mx\/index.php\/wp-json\/wp\/v2\/pages\/46","targetHints":{"allow":["GET"]}}],"collection":[{"href":"https:\/\/psicologia.maz.uas.edu.mx\/index.php\/wp-json\/wp\/v2\/pages"}],"about":[{"href":"https:\/\/psicologia.maz.uas.edu.mx\/index.php\/wp-json\/wp\/v2\/types\/page"}],"author":[{"embeddable":true,"href":"https:\/\/psicologia.maz.uas.edu.mx\/index.php\/wp-json\/wp\/v2\/users\/1"}],"replies":[{"embeddable":true,"href":"https:\/\/psicologia.maz.uas.edu.mx\/index.php\/wp-json\/wp\/v2\/comments?post=46"}],"version-history":[{"count":0,"href":"https:\/\/psicologia.maz.uas.edu.mx\/index.php\/wp-json\/wp\/v2\/pages\/46\/revisions"}],"wp:attachment":[{"href":"https:\/\/psicologia.maz.uas.edu.mx\/index.php\/wp-json\/wp\/v2\/media?parent=46"}],"curies":[{"name":"wp","href":"https:\/\/api.w.org\/{rel}","templated":true}]}}